{"id":15511,"date":"2021-06-18T11:55:04","date_gmt":"2021-06-18T14:55:04","guid":{"rendered":"http:\/\/goatmarketingdigital.com.br\/logmed\/?page_id=15511"},"modified":"2021-06-18T11:55:04","modified_gmt":"2021-06-18T14:55:04","slug":"transporte","status":"publish","type":"page","link":"https:\/\/logmed.net\/?page_id=15511","title":{"rendered":"Transporte"},"content":{"rendered":"<p>[vc_row type=&#8221;full_width_section&#8221; bg_image=&#8221;15518&#8243; bg_repeat=&#8221;no-repeat&#8221; bg_color=&#8221;#000000&#8243; text_color=&#8221;light&#8221; text_align=&#8221;center&#8221; top_padding=&#8221;150&#8243; bottom_padding=&#8221;0&#8243; row_id=&#8221;topo-interno&#8221; bg_position=&#8221;left top&#8221;][vc_column text_align=&#8221;center&#8221; width=&#8221;1\/1&#8243;]<h1 class=\"headline font-inherit fontsize-xxxxxl fontweight-800 lh-12 align-center transform-inherit \" style=\"margin: 0; color: #ffffff;\">Transporte<\/h1>[vc_raw_html]JTNDYSUyMGlkJTNEJTIyc2V0YS1saW5oYSUyMiUyMGhyZWYlM0QlMjIlMjN0cmFuc3BvcnRlJTIyJTNFJTNDJTJGYSUzRQ==[\/vc_raw_html][\/vc_column][\/vc_row][vc_row bg_image=&#8221;15356&#8243; bg_repeat=&#8221;no-repeat&#8221; bg_color=&#8221;#ffffff&#8221; top_padding=&#8221;90&#8243; bottom_padding=&#8221;60&#8243; row_id=&#8221;transporte&#8221;][vc_column width=&#8221;1\/2&#8243;][vc_column_text]<\/p>\n<p style=\"text-align: justify; line-height: 1.5;\">A LogMed realiza entrega em todo terrot\u00f3rio nacional por meio de modais a\u00e9reo e rodovi\u00e1rios.<\/p>\n<p style=\"text-align: justify; line-height: 1.5;\">Trabalhamos com frotas pr\u00f3prias e tercerizadas como caminh\u00f5es com plataformas e ve\u00edculos com ba\u00fas e ganchos que ajudam a garantir a seguran\u00e7a dos produtos e equipamentos m\u00e9dico-hospitalares transportados pela LogMed.<\/p>\n<p style=\"text-align: justify; line-height: 1.5;\">Investimos no treinamento do nosso time de motoristas e ajudantes para que estejam prontos para lidar com os mais variados tipos de produtos e equipamentos sens\u00edveis.<\/p>\n<p style=\"text-align: justify; line-height: 1.5;\">Por conta de todo esse cuidado e compromisso com qualidade e segunda, desde 2013, j\u00e1 possu\u00edmos a certifica\u00e7\u00e3o ISO 9001 para transporte e armazenagem.<\/p>\n<p style=\"text-align: justify; line-height: 1.5;\">Nosso objetivo \u00e9 que nossos clientes tenham a tranquilidade de saber que cada produto estar\u00e1 no lugar certo, na hora certa e com a seguran\u00e7a e cuidado que precisam.<\/p>\n<p>[\/vc_column_text][\/vc_column][vc_column width=&#8221;1\/2&#8243;]<div class=\"single_image wpb_content_element align-left    imagem-destaque\" data-animation=\"none\" data-delay=\"0\"><img loading=\"lazy\" decoding=\"async\" width=\"1600\" height=\"1100\" src=\"https:\/\/logmed.net\/wp-content\/uploads\/2021\/05\/transporte.jpg\" class=\"attachment-full\" alt=\"\" srcset=\"https:\/\/logmed.net\/wp-content\/uploads\/2021\/05\/transporte.jpg 1600w, https:\/\/logmed.net\/wp-content\/uploads\/2021\/05\/transporte-300x206.jpg 300w, https:\/\/logmed.net\/wp-content\/uploads\/2021\/05\/transporte-1024x704.jpg 1024w, https:\/\/logmed.net\/wp-content\/uploads\/2021\/05\/transporte-768x528.jpg 768w, https:\/\/logmed.net\/wp-content\/uploads\/2021\/05\/transporte-1536x1056.jpg 1536w\" sizes=\"auto, (max-width: 1600px) 100vw, 1600px\" \/><\/div>[\/vc_column][\/vc_row][vc_row bg_image=&#8221;15402&#8243; bg_repeat=&#8221;no-repeat&#8221; bg_color=&#8221;#f9f9f9&#8243; top_padding=&#8221;60&#8243; bottom_padding=&#8221;60&#8243; row_id=&#8221;modais-aereo-e-rodoviario&#8221;][vc_column width=&#8221;1\/2&#8243;]<h1 class=\"headline font-inherit fontsize-xxxl fontweight-600 lh-12 align-left transform-inherit \" style=\"margin: 0; color: #f9ba00;\">Modais A\u00e9reo e Rodovi\u00e1rio<\/h1>[vc_column_text]<\/p>\n<p style=\"text-align: justify; line-height: 1.3;\">Coletas e entregas em todo territ\u00f3rio nacional com agilidade, seguran\u00e7a e informa\u00e7\u00e3o em tempo real.<\/p>\n<p style=\"text-align: justify; line-height: 1.3;\">Trabalhamos com dois tipos de modais de transporte:<\/p>\n<ul>\n<li>Modal a\u00e9reo: normal, expresso, urg\u00eancia e emiss\u00e3o Shiper.<\/li>\n<li>Modal terrestre: fracionado, dedicado e urgente.<\/li>\n<\/ul>\n<p>[\/vc_column_text][\/vc_column][vc_column width=&#8221;1\/2&#8243;]<div class=\"single_image wpb_content_element align-left    imagem-destaque\" data-animation=\"none\" data-delay=\"0\"><img loading=\"lazy\" decoding=\"async\" width=\"1024\" height=\"576\" src=\"https:\/\/logmed.net\/wp-content\/uploads\/2021\/06\/Copia-de-WhatsApp-Image-2021-06-15-at-18.19.19-16.jpeg\" class=\"attachment-full\" alt=\"\" srcset=\"https:\/\/logmed.net\/wp-content\/uploads\/2021\/06\/Copia-de-WhatsApp-Image-2021-06-15-at-18.19.19-16.jpeg 1024w, https:\/\/logmed.net\/wp-content\/uploads\/2021\/06\/Copia-de-WhatsApp-Image-2021-06-15-at-18.19.19-16-300x169.jpeg 300w, https:\/\/logmed.net\/wp-content\/uploads\/2021\/06\/Copia-de-WhatsApp-Image-2021-06-15-at-18.19.19-16-768x432.jpeg 768w, https:\/\/logmed.net\/wp-content\/uploads\/2021\/06\/Copia-de-WhatsApp-Image-2021-06-15-at-18.19.19-16-1000x563.jpeg 1000w\" sizes=\"auto, (max-width: 1024px) 100vw, 1024px\" \/><\/div>[\/vc_column][\/vc_row][vc_row bg_image=&#8221;15338&#8243; bg_repeat=&#8221;no-repeat&#8221; bg_color=&#8221;#ffffff&#8221; top_padding=&#8221;60&#8243; bottom_padding=&#8221;60&#8243; row_id=&#8221;fretes-especializados&#8221;][vc_column column_padding=&#8221;custom-padding&#8221; column_custompadding=&#8221;0&#8243; width=&#8221;1\/2&#8243;]<div class=\"single_image wpb_content_element align-left    imagem-destaque\" data-animation=\"none\" data-delay=\"0\"><img loading=\"lazy\" decoding=\"async\" width=\"1600\" height=\"1100\" src=\"https:\/\/logmed.net\/wp-content\/uploads\/2021\/05\/logistica-reversa.jpg\" class=\"attachment-full\" alt=\"\" srcset=\"https:\/\/logmed.net\/wp-content\/uploads\/2021\/05\/logistica-reversa.jpg 1600w, https:\/\/logmed.net\/wp-content\/uploads\/2021\/05\/logistica-reversa-300x206.jpg 300w, https:\/\/logmed.net\/wp-content\/uploads\/2021\/05\/logistica-reversa-1024x704.jpg 1024w, https:\/\/logmed.net\/wp-content\/uploads\/2021\/05\/logistica-reversa-768x528.jpg 768w, https:\/\/logmed.net\/wp-content\/uploads\/2021\/05\/logistica-reversa-1536x1056.jpg 1536w\" sizes=\"auto, (max-width: 1600px) 100vw, 1600px\" \/><\/div>[\/vc_column][vc_column column_padding=&#8221;custom-padding&#8221; column_custompadding=&#8221;10px 50px 0&#8243; width=&#8221;1\/2&#8243;]<h1 class=\"headline font-inherit fontsize-xxxl fontweight-600 lh-12 align-left transform-inherit \" style=\"margin: 0; color: #f9ba00;\">Fretes especializados<\/h1><h1 class=\"headline font-inherit fontsize-m fontweight-300 lh-12 align-left transform-inherit \" style=\"margin: 20px 0 0 0; color: #1d1d1d;\">Atendimento \u00e0s urg\u00eancias:<\/h1>[vc_column_text]<\/p>\n<p style=\"text-align: justify; line-height: 1.3; margin-bottom: -15px;\">Ciente da responsabilidade que temos com nossos clientes, contamos com carros dedicados \u00e0s urg\u00eancias. Os pedidos em um raio de 150km s\u00e3o entregues em um prazo de at\u00e9 tr\u00eas horas.<\/p>\n<p>[\/vc_column_text]<h1 class=\"headline font-inherit fontsize-m fontweight-300 lh-12 align-left transform-inherit \" style=\"margin: 10px 0 0 0; color: #1d1d1d;\">Log\u00edstica reversa: <\/h1>[vc_column_text]<\/p>\n<p style=\"text-align: justify; line-height: 1.3; margin-bottom: -15px;\">O nosso servi\u00e7o de log\u00edstica reversa conta com um sistema avan\u00e7ado com monitoramento constante dos produtos desde o momento da coleta at\u00e9 a entrega no destino final.<br \/>\nApesar da grande procura por log\u00edstica reversa pelas empresas da \u00e1rea da sa\u00fade, muitas transportadoras ainda n\u00e3o oferecem um servi\u00e7o de qualidade e com a aten\u00e7\u00e3o exigida pelo mercado.<\/p>\n<p>[\/vc_column_text]<h1 class=\"headline font-inherit fontsize-m fontweight-300 lh-12 align-left transform-inherit \" style=\"margin: 10px 0 0 0; color: #1d1d1d;\">Emiss\u00e3o de Shiper:<\/h1>[vc_column_text]<\/p>\n<p style=\"text-align: justify; line-height: 1.3; margin-bottom: -15px;\">A LogMed \u00e9 uma empresa certificada para emitir declara\u00e7\u00e3o Shipper para fretes a\u00e9reos de produtos qu\u00edmicos, perigosos, corrosivos, com bateria de l\u00edtio, entre outros.<\/p>\n<p>[\/vc_column_text][\/vc_column][\/vc_row][vc_row bg_image=&#8221;15338&#8243; bg_color=&#8221;#f9f9f9&#8243; top_padding=&#8221;60&#8243; bottom_padding=&#8221;60&#8243; row_id=&#8221;maior-seguranca-em-transportar&#8221;][vc_column width=&#8221;1\/2&#8243;]<h1 class=\"headline font-inherit fontsize-xxxl fontweight-600 lh-12 align-left transform-inherit \" style=\"margin: 0 0 20px 0; color: #f9ba00;\">Seguran\u00e7a em transportar<\/h1>[vc_column_text]<\/p>\n<p style=\"text-align: justify; line-height: 1.3;\">Possu\u00edmos todas as certifica\u00e7\u00f5es e licen\u00e7as para transportar e armazenar correlatos, produtos para sa\u00fade, medicamentos, insumos farmac\u00eauticos, produtos de higiene, cosm\u00e9ticos, saneantes domissanit\u00e1rios, entre outros. <a href=\"http:\/\/logmed.net\/#politica\">Conhe\u00e7a nossas pol\u00edticas, licen\u00e7as e certifica\u00e7\u00f5es<\/a>.<\/p>\n<p>[\/vc_column_text][\/vc_column][vc_column width=&#8221;1\/2&#8243;]<div class=\"single_image wpb_content_element align-left    imagem-destaque\" data-animation=\"none\" data-delay=\"0\"><img loading=\"lazy\" decoding=\"async\" width=\"1600\" height=\"1067\" src=\"https:\/\/logmed.net\/wp-content\/uploads\/2021\/07\/custumer-service-no-atendimento-a-cirurgias.jpg\" class=\"attachment-full\" alt=\"\" srcset=\"https:\/\/logmed.net\/wp-content\/uploads\/2021\/07\/custumer-service-no-atendimento-a-cirurgias.jpg 1600w, https:\/\/logmed.net\/wp-content\/uploads\/2021\/07\/custumer-service-no-atendimento-a-cirurgias-300x200.jpg 300w, https:\/\/logmed.net\/wp-content\/uploads\/2021\/07\/custumer-service-no-atendimento-a-cirurgias-1024x683.jpg 1024w, https:\/\/logmed.net\/wp-content\/uploads\/2021\/07\/custumer-service-no-atendimento-a-cirurgias-768x512.jpg 768w, https:\/\/logmed.net\/wp-content\/uploads\/2021\/07\/custumer-service-no-atendimento-a-cirurgias-1536x1024.jpg 1536w, https:\/\/logmed.net\/wp-content\/uploads\/2021\/07\/custumer-service-no-atendimento-a-cirurgias-600x400.jpg 600w\" sizes=\"auto, (max-width: 1600px) 100vw, 1600px\" \/><\/div>[\/vc_column][\/vc_row]<\/p>\n","protected":false},"excerpt":{"rendered":"<p>[vc_row type=&#8221;full_width_section&#8221; bg_image=&#8221;15518&#8243; bg_repeat=&#8221;no-repeat&#8221; bg_color=&#8221;#000000&#8243; text_color=&#8221;light&#8221; text_align=&#8221;center&#8221; top_padding=&#8221;150&#8243; bottom_padding=&#8221;0&#8243; row_id=&#8221;topo-interno&#8221; bg_position=&#8221;left top&#8221;][vc_column text_align=&#8221;center&#8221; width=&#8221;1\/1&#8243;][vc_raw_html]JTNDYSUyMGlkJTNEJTIyc2V0YS1saW5oYSUyMiUyMGhyZWYlM0QlMjIlMjN0cmFuc3BvcnRlJTIyJTNFJTNDJTJGYSUzRQ==[\/vc_raw_html][\/vc_column][\/vc_row][vc_row bg_image=&#8221;15356&#8243; bg_repeat=&#8221;no-repeat&#8221; bg_color=&#8221;#ffffff&#8221; top_padding=&#8221;90&#8243; bottom_padding=&#8221;60&#8243; row_id=&#8221;transporte&#8221;][vc_column width=&#8221;1\/2&#8243;][vc_column_text] A LogMed realiza entrega em todo terrot\u00f3rio nacional por meio de modais a\u00e9reo e rodovi\u00e1rios. Trabalhamos com frotas pr\u00f3prias e tercerizadas como caminh\u00f5es com plataformas e ve\u00edculos com ba\u00fas e ganchos que ajudam a garantir a seguran\u00e7a dos produtos e equipamentos m\u00e9dico-hospitalares transportados pela LogMed. Investimos no treinamento do nosso time de motoristas e ajudantes para que estejam prontos para lidar com os mais variados tipos de produtos e equipamentos sens\u00edveis. Por conta de todo esse cuidado e compromisso com qualidade e segunda, desde 2013, j\u00e1 possu\u00edmos a certifica\u00e7\u00e3o ISO 9001 para transporte e armazenagem. Nosso objetivo \u00e9 que nossos clientes tenham a tranquilidade de saber que cada produto estar\u00e1 no lugar certo, na hora certa e com a seguran\u00e7a e cuidado que precisam. [\/vc_column_text][\/vc_column][vc_column width=&#8221;1\/2&#8243;][\/vc_column][\/vc_row][vc_row bg_image=&#8221;15402&#8243; bg_repeat=&#8221;no-repeat&#8221; bg_color=&#8221;#f9f9f9&#8243; top_padding=&#8221;60&#8243; bottom_padding=&#8221;60&#8243; row_id=&#8221;modais-aereo-e-rodoviario&#8221;][vc_column width=&#8221;1\/2&#8243;][vc_column_text] Coletas e entregas em todo territ\u00f3rio nacional com agilidade, seguran\u00e7a e informa\u00e7\u00e3o em tempo real. Trabalhamos com dois tipos de modais de transporte: Modal a\u00e9reo: normal, expresso, urg\u00eancia e emiss\u00e3o Shiper. Modal terrestre: fracionado, dedicado e urgente. [\/vc_column_text][\/vc_column][vc_column width=&#8221;1\/2&#8243;][\/vc_column][\/vc_row][vc_row bg_image=&#8221;15338&#8243; bg_repeat=&#8221;no-repeat&#8221; bg_color=&#8221;#ffffff&#8221; top_padding=&#8221;60&#8243; bottom_padding=&#8221;60&#8243; row_id=&#8221;fretes-especializados&#8221;][vc_column column_padding=&#8221;custom-padding&#8221; [&hellip;]<\/p>\n","protected":false},"author":1,"featured_media":0,"parent":0,"menu_order":0,"comment_status":"closed","ping_status":"closed","template":"","meta":{"footnotes":""},"class_list":["post-15511","page","type-page","status-publish","hentry"],"_links":{"self":[{"href":"https:\/\/logmed.net\/index.php?rest_route=\/wp\/v2\/pages\/15511","targetHints":{"allow":["GET"]}}],"collection":[{"href":"https:\/\/logmed.net\/index.php?rest_route=\/wp\/v2\/pages"}],"about":[{"href":"https:\/\/logmed.net\/index.php?rest_route=\/wp\/v2\/types\/page"}],"author":[{"embeddable":true,"href":"https:\/\/logmed.net\/index.php?rest_route=\/wp\/v2\/users\/1"}],"replies":[{"embeddable":true,"href":"https:\/\/logmed.net\/index.php?rest_route=%2Fwp%2Fv2%2Fcomments&post=15511"}],"version-history":[{"count":0,"href":"https:\/\/logmed.net\/index.php?rest_route=\/wp\/v2\/pages\/15511\/revisions"}],"wp:attachment":[{"href":"https:\/\/logmed.net\/index.php?rest_route=%2Fwp%2Fv2%2Fmedia&parent=15511"}],"curies":[{"name":"wp","href":"https:\/\/api.w.org\/{rel}","templated":true}]}}