{"id":15441,"date":"2021-06-11T12:43:03","date_gmt":"2021-06-11T15:43:03","guid":{"rendered":"http:\/\/goatmarketingdigital.com.br\/logmed\/?page_id=15441"},"modified":"2021-06-11T12:43:03","modified_gmt":"2021-06-11T15:43:03","slug":"armazenagem","status":"publish","type":"page","link":"https:\/\/logmed.net\/?page_id=15441","title":{"rendered":"Armazenagem"},"content":{"rendered":"<p>[vc_row type=&#8221;full_width_section&#8221; bg_image=&#8221;15699&#8243; bg_color=&#8221;#f9ba00&#8243; text_color=&#8221;light&#8221; text_align=&#8221;center&#8221; top_padding=&#8221;150&#8243; bottom_padding=&#8221;0&#8243; row_id=&#8221;topo-interno&#8221; bg_position=&#8221;left top&#8221;][vc_column text_align=&#8221;center&#8221; width=&#8221;1\/1&#8243;]<h1 class=\"headline font-inherit fontsize-xxxxxl fontweight-800 lh-12 align-center transform-inherit \" style=\"margin: 0; color: #ffffff;\">Armazenagem<\/h1>[vc_raw_html]JTNDYSUyMGlkJTNEJTIyc2V0YS1saW5oYSUyMiUyMGhyZWYlM0QlMjIlMjNhcm1hemVuYWdlbSUyMiUzRSUzQyUyRmElM0U=[\/vc_raw_html][\/vc_column][\/vc_row][vc_row bg_image=&#8221;15356&#8243; bg_repeat=&#8221;no-repeat&#8221; bg_color=&#8221;#ffffff&#8221; top_padding=&#8221;60&#8243; bottom_padding=&#8221;60&#8243; row_id=&#8221;armazenagem&#8221;][vc_column column_padding=&#8221;custom-padding&#8221; column_custompadding=&#8221;40px 70px 0px&#8221; width=&#8221;1\/2&#8243;][vc_column_text]<\/p>\n<p style=\"font-size: 25px; line-height: 1.5;\">Quando o assunto \u00e9 <strong>armazenagem<\/strong>, a LogMed atua de diversas formas sempre oferecendo solu\u00e7\u00f5es personalizadas que atendam as mais variadas necessidades de nossos clientes.<\/p>\n<p>[\/vc_column_text][\/vc_column][vc_column width=&#8221;1\/2&#8243;]<div class=\"single_image wpb_content_element align-left    imagem-destaque\" data-animation=\"none\" data-delay=\"0\"><img loading=\"lazy\" decoding=\"async\" width=\"1600\" height=\"1100\" src=\"https:\/\/logmed.net\/wp-content\/uploads\/2021\/05\/gestao-de-estoque-consignados.jpg\" class=\"attachment-full\" alt=\"\" srcset=\"https:\/\/logmed.net\/wp-content\/uploads\/2021\/05\/gestao-de-estoque-consignados.jpg 1600w, https:\/\/logmed.net\/wp-content\/uploads\/2021\/05\/gestao-de-estoque-consignados-300x206.jpg 300w, https:\/\/logmed.net\/wp-content\/uploads\/2021\/05\/gestao-de-estoque-consignados-1024x704.jpg 1024w, https:\/\/logmed.net\/wp-content\/uploads\/2021\/05\/gestao-de-estoque-consignados-768x528.jpg 768w, https:\/\/logmed.net\/wp-content\/uploads\/2021\/05\/gestao-de-estoque-consignados-1536x1056.jpg 1536w\" sizes=\"auto, (max-width: 1600px) 100vw, 1600px\" \/><\/div>[\/vc_column][\/vc_row][vc_row bg_image=&#8221;15356&#8243; bg_repeat=&#8221;no-repeat&#8221; bg_color=&#8221;#f9f9f9&#8243; top_padding=&#8221;60&#8243; bottom_padding=&#8221;60&#8243; row_id=&#8221;espaco-warehouse&#8221;][vc_column width=&#8221;1\/2&#8243;]<div class=\"single_image wpb_content_element align-left    imagem-destaque\" data-animation=\"none\" data-delay=\"0\"><img loading=\"lazy\" decoding=\"async\" width=\"1500\" height=\"1000\" src=\"https:\/\/logmed.net\/wp-content\/uploads\/2021\/06\/espaco-warehouse.jpg\" class=\"attachment-full\" alt=\"\" srcset=\"https:\/\/logmed.net\/wp-content\/uploads\/2021\/06\/espaco-warehouse.jpg 1500w, https:\/\/logmed.net\/wp-content\/uploads\/2021\/06\/espaco-warehouse-300x200.jpg 300w, https:\/\/logmed.net\/wp-content\/uploads\/2021\/06\/espaco-warehouse-1024x683.jpg 1024w, https:\/\/logmed.net\/wp-content\/uploads\/2021\/06\/espaco-warehouse-768x512.jpg 768w, https:\/\/logmed.net\/wp-content\/uploads\/2021\/06\/espaco-warehouse-600x400.jpg 600w\" sizes=\"auto, (max-width: 1500px) 100vw, 1500px\" \/><\/div>[\/vc_column][vc_column column_padding=&#8221;custom-padding&#8221; column_custompadding=&#8221;10px 30px 0 60px&#8221; width=&#8221;1\/2&#8243;]<h1 class=\"headline font-inherit fontsize-xxxxl fontweight-600 lh-12 align-left transform-inherit \" style=\"margin: 30px 0 20px 0; color: #f9ba00;\">Espa\u00e7o Warehouse<\/h1>[vc_column_text]<\/p>\n<p style=\"font-size: 20px; line-height: 1.5;\">A LogMed tem mais de 12.000m\u00b2 para servi\u00e7os de armazenagem, com espa\u00e7os climatizados e c\u00e2mara fria. Al\u00e9m de armazenar, cuidamos de todo processo de recebimento, expedi\u00e7\u00e3o, adequa\u00e7\u00e3o de produtos e assist\u00eancia t\u00e9cnica.<\/p>\n<p style=\"font-size: 20px; line-height: 1.5;\">O warehouse \u00e9 a solu\u00e7\u00e3o ideal para clientes que n\u00e3o possuem armaz\u00e9m pr\u00f3prio.<\/p>\n<p>[\/vc_column_text][\/vc_column][\/vc_row][vc_row bg_image=&#8221;15402&#8243; bg_repeat=&#8221;no-repeat&#8221; bg_color=&#8221;#ffffff&#8221; top_padding=&#8221;60&#8243; bottom_padding=&#8221;60&#8243; row_id=&#8221;recebimento-e-expedicao&#8221;][vc_column width=&#8221;1\/2&#8243;]<h1 class=\"headline font-inherit fontsize-xxxl fontweight-600 lh-12 align-left transform-inherit \" style=\"margin: 50px 0 20px; color: #f9ba00;\">Recebimento e Expedi\u00e7\u00e3o<\/h1>[vc_column_text]<\/p>\n<p style=\"line-height: 1.5; font-size: 20px;\">Garantimos toda a entrada e sa\u00edda de produtos com gerenciamento WMS, que permite rastreamento do estoque e sua parametriza\u00e7\u00e3o inteligente, de acordo com a prefer\u00eancia do cliente. Todo o processo \u00e9 realizado por coletor de dados e mobile.<\/p>\n<p>[\/vc_column_text][\/vc_column][vc_column width=&#8221;1\/2&#8243;]<div class=\"single_image wpb_content_element align-left    imagem-destaque\" data-animation=\"none\" data-delay=\"0\"><img loading=\"lazy\" decoding=\"async\" width=\"1600\" height=\"1100\" src=\"https:\/\/logmed.net\/wp-content\/uploads\/2021\/07\/atendimento-emergencia.jpg\" class=\"attachment-full\" alt=\"\" srcset=\"https:\/\/logmed.net\/wp-content\/uploads\/2021\/07\/atendimento-emergencia.jpg 1600w, https:\/\/logmed.net\/wp-content\/uploads\/2021\/07\/atendimento-emergencia-300x206.jpg 300w, https:\/\/logmed.net\/wp-content\/uploads\/2021\/07\/atendimento-emergencia-1024x704.jpg 1024w, https:\/\/logmed.net\/wp-content\/uploads\/2021\/07\/atendimento-emergencia-768x528.jpg 768w, https:\/\/logmed.net\/wp-content\/uploads\/2021\/07\/atendimento-emergencia-1536x1056.jpg 1536w\" sizes=\"auto, (max-width: 1600px) 100vw, 1600px\" \/><\/div>[\/vc_column][\/vc_row][vc_row bg_image=&#8221;15338&#8243; bg_repeat=&#8221;no-repeat&#8221; bg_color=&#8221;#f9f9f9&#8243; top_padding=&#8221;60&#8243; bottom_padding=&#8221;60&#8243; row_id=&#8221;adequacao-de-produtos&#8221;][vc_column column_padding=&#8221;custom-padding&#8221; column_custompadding=&#8221;0&#8243; width=&#8221;1\/2&#8243;]<div class=\"single_image wpb_content_element align-left    imagem-destaque\" data-animation=\"none\" data-delay=\"0\"><img loading=\"lazy\" decoding=\"async\" width=\"1500\" height=\"1000\" src=\"https:\/\/logmed.net\/wp-content\/uploads\/2021\/06\/adequacao-de-produtos.jpg\" class=\"attachment-full\" alt=\"\" srcset=\"https:\/\/logmed.net\/wp-content\/uploads\/2021\/06\/adequacao-de-produtos.jpg 1500w, https:\/\/logmed.net\/wp-content\/uploads\/2021\/06\/adequacao-de-produtos-300x200.jpg 300w, https:\/\/logmed.net\/wp-content\/uploads\/2021\/06\/adequacao-de-produtos-1024x683.jpg 1024w, https:\/\/logmed.net\/wp-content\/uploads\/2021\/06\/adequacao-de-produtos-768x512.jpg 768w, https:\/\/logmed.net\/wp-content\/uploads\/2021\/06\/adequacao-de-produtos-600x400.jpg 600w\" sizes=\"auto, (max-width: 1500px) 100vw, 1500px\" \/><\/div>[\/vc_column][vc_column column_padding=&#8221;custom-padding&#8221; column_custompadding=&#8221;0 20px 0 60px&#8221; width=&#8221;1\/2&#8243;]<h1 class=\"headline font-inherit fontsize-xxxl fontweight-600 lh-12 align-left transform-inherit \" style=\"margin: 0; color: #f9ba00;\">Adequa\u00e7\u00e3o de Produtos<\/h1><h1 class=\"headline font-inherit fontsize-m fontweight-300 lh-12 align-left transform-inherit \" style=\"margin: 0 0 20px 0; color: #1d1d1d;\">Etiquetagem \/ Nacionaliza\u00e7\u00e3o \/ Montagem de Kits<\/h1>[vc_column_text]<\/p>\n<p style=\"\/* text-align: justify; *\/line-height: 1.5; font-size: 18px;\">O servi\u00e7o de etiquetagem e nacionaliza\u00e7\u00e3o \u00e9 destinado aos clientes que trabalham com produtos importados, j\u00e1 utilizam nosso servi\u00e7o de armazenagem e precisam adequar os produtos para comercializar no Brasil.<\/p>\n<p style=\"\/* text-align: justify; *\/line-height: 1.5; font-size: 18px;\">Os produtos importados que chegam em nossos armaz\u00e9ns\u00a0recebem uma etiqueta em portugu\u00eas com os dados exigidos pela ANVISA, como lote, validade e informa\u00e7\u00f5es do produto.<\/p>\n<p style=\"\/* text-align: justify; *\/line-height: 1.5; font-size: 18px;\">Dentro de adequa\u00e7\u00e3o de produtos, tamb\u00e9m atuamos com <strong>rotulagem e montagem de kits.<\/strong><\/p>\n<p>[\/vc_column_text][\/vc_column][\/vc_row][vc_row bg_image=&#8221;15338&#8243; bg_color=&#8221;#ffffff&#8221; top_padding=&#8221;60&#8243; bottom_padding=&#8221;60&#8243; row_id=&#8221;assitencia-tecnica&#8221;][vc_column width=&#8221;1\/2&#8243;]<h1 class=\"headline font-inherit fontsize-xxxxl fontweight-600 lh-12 align-left transform-inherit \" style=\"margin: 40px 0 20px 0; color: #f9ba00;\">Assist\u00eancia T\u00e9cnica<\/h1>[vc_column_text]<\/p>\n<p style=\"font-size: 20px; line-height: 1.5;\">Possu\u00edmos \u00e1rea t\u00e9cnica para clientes que desejam realizar esses servi\u00e7os em nossas depend\u00eancias. A m\u00e3o de obra pode ser do pr\u00f3prio cliente ou da Logmed.<\/p>\n<p>[\/vc_column_text][\/vc_column][vc_column width=&#8221;1\/2&#8243;]<div class=\"single_image wpb_content_element align-left    imagem-destaque\" data-animation=\"none\" data-delay=\"0\"><img loading=\"lazy\" decoding=\"async\" width=\"1600\" height=\"1100\" src=\"https:\/\/logmed.net\/wp-content\/uploads\/2021\/05\/logistica-reversa.jpg\" class=\"attachment-full\" alt=\"\" srcset=\"https:\/\/logmed.net\/wp-content\/uploads\/2021\/05\/logistica-reversa.jpg 1600w, https:\/\/logmed.net\/wp-content\/uploads\/2021\/05\/logistica-reversa-300x206.jpg 300w, https:\/\/logmed.net\/wp-content\/uploads\/2021\/05\/logistica-reversa-1024x704.jpg 1024w, https:\/\/logmed.net\/wp-content\/uploads\/2021\/05\/logistica-reversa-768x528.jpg 768w, https:\/\/logmed.net\/wp-content\/uploads\/2021\/05\/logistica-reversa-1536x1056.jpg 1536w\" sizes=\"auto, (max-width: 1600px) 100vw, 1600px\" \/><\/div>[\/vc_column][\/vc_row]<\/p>\n","protected":false},"excerpt":{"rendered":"<p>[vc_row type=&#8221;full_width_section&#8221; bg_image=&#8221;15699&#8243; bg_color=&#8221;#f9ba00&#8243; text_color=&#8221;light&#8221; text_align=&#8221;center&#8221; top_padding=&#8221;150&#8243; bottom_padding=&#8221;0&#8243; row_id=&#8221;topo-interno&#8221; bg_position=&#8221;left top&#8221;][vc_column text_align=&#8221;center&#8221; width=&#8221;1\/1&#8243;][vc_raw_html]JTNDYSUyMGlkJTNEJTIyc2V0YS1saW5oYSUyMiUyMGhyZWYlM0QlMjIlMjNhcm1hemVuYWdlbSUyMiUzRSUzQyUyRmElM0U=[\/vc_raw_html][\/vc_column][\/vc_row][vc_row bg_image=&#8221;15356&#8243; bg_repeat=&#8221;no-repeat&#8221; bg_color=&#8221;#ffffff&#8221; top_padding=&#8221;60&#8243; bottom_padding=&#8221;60&#8243; row_id=&#8221;armazenagem&#8221;][vc_column column_padding=&#8221;custom-padding&#8221; column_custompadding=&#8221;40px 70px 0px&#8221; width=&#8221;1\/2&#8243;][vc_column_text] Quando o assunto \u00e9 armazenagem, a LogMed atua de diversas formas sempre oferecendo solu\u00e7\u00f5es personalizadas que atendam as mais variadas necessidades de nossos clientes. [\/vc_column_text][\/vc_column][vc_column width=&#8221;1\/2&#8243;][\/vc_column][\/vc_row][vc_row bg_image=&#8221;15356&#8243; bg_repeat=&#8221;no-repeat&#8221; bg_color=&#8221;#f9f9f9&#8243; top_padding=&#8221;60&#8243; bottom_padding=&#8221;60&#8243; row_id=&#8221;espaco-warehouse&#8221;][vc_column width=&#8221;1\/2&#8243;][\/vc_column][vc_column column_padding=&#8221;custom-padding&#8221; column_custompadding=&#8221;10px 30px 0 60px&#8221; width=&#8221;1\/2&#8243;][vc_column_text] A LogMed tem mais de 12.000m\u00b2 para servi\u00e7os de armazenagem, com espa\u00e7os climatizados e c\u00e2mara fria. Al\u00e9m de armazenar, cuidamos de todo processo de recebimento, expedi\u00e7\u00e3o, adequa\u00e7\u00e3o de produtos e assist\u00eancia t\u00e9cnica. O warehouse \u00e9 a solu\u00e7\u00e3o ideal para clientes que n\u00e3o possuem armaz\u00e9m pr\u00f3prio. [\/vc_column_text][\/vc_column][\/vc_row][vc_row bg_image=&#8221;15402&#8243; bg_repeat=&#8221;no-repeat&#8221; bg_color=&#8221;#ffffff&#8221; top_padding=&#8221;60&#8243; bottom_padding=&#8221;60&#8243; row_id=&#8221;recebimento-e-expedicao&#8221;][vc_column width=&#8221;1\/2&#8243;][vc_column_text] Garantimos toda a entrada e sa\u00edda de produtos com gerenciamento WMS, que permite rastreamento do estoque e sua parametriza\u00e7\u00e3o inteligente, de acordo com a prefer\u00eancia do cliente. Todo o processo \u00e9 realizado por coletor de dados e mobile. [\/vc_column_text][\/vc_column][vc_column width=&#8221;1\/2&#8243;][\/vc_column][\/vc_row][vc_row bg_image=&#8221;15338&#8243; bg_repeat=&#8221;no-repeat&#8221; bg_color=&#8221;#f9f9f9&#8243; top_padding=&#8221;60&#8243; bottom_padding=&#8221;60&#8243; row_id=&#8221;adequacao-de-produtos&#8221;][vc_column column_padding=&#8221;custom-padding&#8221; column_custompadding=&#8221;0&#8243; width=&#8221;1\/2&#8243;][\/vc_column][vc_column column_padding=&#8221;custom-padding&#8221; column_custompadding=&#8221;0 20px 0 60px&#8221; width=&#8221;1\/2&#8243;][vc_column_text] O servi\u00e7o de etiquetagem e nacionaliza\u00e7\u00e3o \u00e9 destinado aos clientes que trabalham com produtos importados, j\u00e1 utilizam nosso servi\u00e7o de armazenagem e precisam adequar os produtos para comercializar no [&hellip;]<\/p>\n","protected":false},"author":1,"featured_media":0,"parent":0,"menu_order":0,"comment_status":"closed","ping_status":"closed","template":"","meta":{"footnotes":""},"class_list":["post-15441","page","type-page","status-publish","hentry"],"_links":{"self":[{"href":"https:\/\/logmed.net\/index.php?rest_route=\/wp\/v2\/pages\/15441","targetHints":{"allow":["GET"]}}],"collection":[{"href":"https:\/\/logmed.net\/index.php?rest_route=\/wp\/v2\/pages"}],"about":[{"href":"https:\/\/logmed.net\/index.php?rest_route=\/wp\/v2\/types\/page"}],"author":[{"embeddable":true,"href":"https:\/\/logmed.net\/index.php?rest_route=\/wp\/v2\/users\/1"}],"replies":[{"embeddable":true,"href":"https:\/\/logmed.net\/index.php?rest_route=%2Fwp%2Fv2%2Fcomments&post=15441"}],"version-history":[{"count":0,"href":"https:\/\/logmed.net\/index.php?rest_route=\/wp\/v2\/pages\/15441\/revisions"}],"wp:attachment":[{"href":"https:\/\/logmed.net\/index.php?rest_route=%2Fwp%2Fv2%2Fmedia&parent=15441"}],"curies":[{"name":"wp","href":"https:\/\/api.w.org\/{rel}","templated":true}]}}